 h = -2 - g. What are the prime factors of h?
5
Let u be (-14)/(-3) + (-2)/3. Let i(j) = -4*j - 9. Let x be i(-7). Suppose -u*b + 41 + x = 0. List the prime factors of b.
3, 5
Let u be -1*(-6)/(2 - 0). Suppose u*v - 84 = -p - 30, -p + 34 = -v. Suppose 0 = 4*y + t - 89, -7*t + 2*t = -2*y + p. What are the prime factors of y?
2, 11
Let z(c) = 39*c**2 + c + 1. What are the prime factors of z(-1)?
3, 13
Let l = -10 - -2. Let x = l - -15. Let a = x - 0. List the prime factors of a.
7
Suppose p - 4*z + 3*z = 3, 0 = 3*p + 2*z - 29. Suppose 3*u + w = 3, 0 = -5*u - w - 0*w + p. Suppose -u*n = -4*n + 34. List the prime factors of n.
17
Let x = 5 + -4. Suppose 3 = -i + x. What are the prime factors of (3/(-5))/(i/30)?
3
Suppose 3*j = 6*j. Suppose 2*n - 3 - 1 = j. Suppose 0 = n*g - 7*g + 30. What are the prime factors of g?
2, 3
Let s(w) = -2*w**2 + w. Let b be s(2). Let m = b + 8. What are the prime factors of m?
2
Let u(o) = -2*o - 4. Suppose 5*y - 25 - 15 = 0. Suppose -2*i = -4*h - 26, 3*h + 3*i + 7 + y = 0. List the prime factors of u(h).
2
Suppose -p - 15 = -4*p, 10 = 5*r - 2*p. Suppose -58 = t - 5*t + 2*o, -92 = -5*t - r*o. List the prime factors of t.
2
List the prime factors of (-92)/(-3)*(-42)/(-28).
2, 23
Let w(m) be the third derivative of m**6/120 - 2*m**5/15 + 5*m**4/12 - 4*m**3/3 + 2*m**2. What are the prime factors of w(7)?
13
Suppose 0 = -4*u + 3*q + 23, u - 5*q - 8 = -2*q. Suppose -m - 48 = -3*m + 4*f, u*m - f = 84. List the prime factors of m.
2
Let m(q) = q**2 + 4*q - 8. Suppose 5*p + 4*i - 61 = 0, -5*p + 2*i + 48 = 11. Suppose 4*t - b = -27, -t - 4*b + p = b. What are the prime factors of m(t)?
2
Suppose -v - 3*x - 2 = 0, -16 = 5*x - 1. What are the prime factors of v?
7
Let u(x) = -x**3 + 6*x**2 + 5*x - 1. List the prime factors of u(6).
29
Suppose -2 = v - 2*v. Let n = v - -1. What are the prime factors of n?
3
Let r be 4/(-6) - (-546)/9. Suppose 5*l - l = r. What are the prime factors of l?
3, 5
Let p(a) = 34*a**3 + a**2 + a - 1. What are the prime factors of p(1)?
5, 7
Let d(p) = -p**3 + 2 + 8*p**2 - 43*p - 4 + 38*p - 3. Let t = -4 + 11. What are the prime factors of d(t)?
3
Let u = 99 - 61. List the prime factors of u.
2, 19
Let x(a) = a**2 + a - 6. Let o be x(5). Let h = o - 10. List the prime factors of h.
2, 7
Let x = -8 + 12. Suppose -9*i = -x*i - 65. What are the prime factors of i?
13
Suppose -4*t + 3 = -5. List the prime factors of (-3)/t + 315/10.
2, 3, 5
Let s = 24 + -10. List the prime factors of s.
2, 7
Let u be (1 - -1 - 1) + 2. Suppose -2*q + 92 = -5*k, -u*k - 199 = -3*q - 61. What are the prime factors of q?
2, 23
Let s(o) = o**3 + 5*o**2 - o - 3. Let x be s(-5). Suppose a = -x*y + 32, 82 = 5*y + 3*a - a. List the prime factors of y.
2, 3
Let y be -2 + 3 + (1 - 2). Let s = y + 2. List the prime factors of (4/1)/(1/s).
2
Suppose -v + 2*x = -4 - 2, -15 = -4*v - x. What are the prime factors of v?
2
Suppose 2*z + 3*k - 21 = -3, -5*k = -4*z - 8. Let t = 10 + -6. Suppose -z*c + 52 = -t*b - b, b = -c + 4. List the prime factors of c.
3
Suppose 3*f - 5*u - 865 = 0, -871 = 3*f - 6*f - u. What are the prime factors of f?
2, 5, 29
Suppose 35 = 7*j - 2*j. Suppose 6 = 9*q - j*q. What are the prime factors of q?
3
Let i(d) = 2*d - 3*d**2 - 2*d - d**3 + 6 - 2*d + 7*d. Let m be i(-4). Let b(y) = y + 1. What are the prime factors of b(m)?
3
Let m = 10 - 22. Let d = m - 4. What are the prime factors of (d/6)/((-2)/3)?
2
Let j(x) = -x + 1. Let c(f) = 3*f - 1. Let a(l) = -c(l) - 2*j(l). Let n(m) = 16*m + 24. Let t(v) = -20*a(v) - n(v). List the prime factors of t(4).
2, 3
Suppose 3*o + 43 + 23 = 0. Let q = o - -37. List the prime factors of q.
3, 5
Let u(k) = -9*k**2 + k. Let n be u(-1). What are the prime factors of (2/3)/(n/(-45))?
3
What are the prime factors of (-9)/((-27)/138)*1?
2, 23
Suppose 4*v + 0*v + 16 = 0. Let k(g) = g**2 + 3*g + 3. Let r be k(v). Suppose -i + 1 = -r. What are the prime factors of i?
2
Let m be (5/5)/(1/1). List the prime factors of (-3 - (-24 + 0))*m.
3, 7
Let w(k) be the third derivative of -k**4/12 + k**2. What are the prime factors of w(-1)?
2
Let c be (0 - 7) + (18 - 20). What are the prime factors of 39*(-3)/c - -3?
2
Let b = -4 + 8. Suppose -2*g + 13 = -3*x, 4*x = -g + 3*g - 16. Suppose -f = -g*f + b. What are the prime factors of f?
2
Suppose -3*c - 40 = -2*x, -2*x + 0*x + 4*c = -40. What are the prime factors of x?
2, 5
Let l(c) = 3*c + 41. What are the prime factors of l(17)?
2, 23
Suppose -o = 2*o + 12. Let h = 2 + o. List the prime factors of 3/12*h*-4.
2
Let j be 8 - ((-2)/2 - -4). Suppose 3*l = -j*g + 40, 0*l + l - 3*g - 4 = 0. What are the prime factors of l?
2, 5
Let c = 13 - 28. Let g = c - -26. List the prime factors of g.
11
Suppose -5*f = -2*f - 63. Suppose -3 = -3*a + f. List the prime factors of a.
2
Let r = 599 + -405. What are the prime factors of r?
2, 97
Let s(j) = -j**3 + 4*j**2 + 5*j. Let n be s(5). Suppose -3*l + 5 + 1 = n. Suppose -l*i = -b - 3*b + 10, -4*b + i + 11 = 0. List the prime factors of b.
3
List the prime factors of (-106)/(-1) + 36/6 + -2.
2, 5, 11
Suppose 40 = -2*x - 4*y, 0*x - 2*x - 12 = -3*y. What are the prime factors of (x + 0)/(-4) - 0?
3
Let w = -51 - -170. List the prime factors of w.
7, 17
List the prime factors of 1 + ((-1)/1 - -2).
2
Let g = -139 + 199. List the prime factors of g.
2, 3, 5
Let s = 406 + -232. What are the prime factors of s?
2, 3, 29
Let d(w) = w**3 + 10*w**2 + 3*w - 18. Let m be d(-9). Suppose h + m = s - 3*h, 3*h = -12. What are the prime factors of s?
2, 5
Let u = -133 + 316. List the prime factors of u.
3, 61
What are the prime factors of (-64)/28 + 2 + 2958/14?
211
Let f(y) = y. Let l be f(3). Let r(b) = -2*b + 3*b + 25 - 25. List the prime factors of r(l).
3
Let i = 154 + -64. List the prime factors of i.
2, 3, 5
Let d(t) = -2*t + 6. What are the prime factors of d(-14)?
2, 17
List the prime factors of 15*(0 + 33/9).
5, 11
Suppose -2*z + 3*a - 2 = 0, -4*z - 1 + 5 = -4*a. Suppose -35 = -6*r + r + z*s, 3*s - 9 = -3*r. What are the prime factors of r?
5
Suppose 11 = 5*l - 4. Suppose -3*f = -0*x + 4*x - 68, -l*f + 76 = -4*x. List the prime factors of f.
2, 3
Let b(s) = -5*s - 8. What are the prime factors of b(-4)?
2, 3
Let s = -17 - -25. Suppose 2*d + u = -3*u - s, -u = -3*d + 9. List the prime factors of d.
2
Let q(l) be the second derivative of -l**5/20 + l**4/4 + l**3/2 + 2*l**2 - l. What are the prime factors of q(3)?
13
List the prime factors of 10 + -5 - 2 - (-3 + -164).
2, 5, 17
Suppose 0*k + 238 = 2*k - w, 3*k - 5*w = 350. List the prime factors of k.
2, 3, 5
List the prime factors of 52*(4/(-4) - -2).
2, 13
Let f = 35 + -8. What are the prime factors of f?
3
List the prime factors of 79 + ((-3)/(-3) - 2).
2, 3, 13
Let l(r) = -r + 8. Let i be l(11). Let x be (i/4)/((-4)/16). Suppose -19 - 20 = -x*d. What are the prime factors of d?
13
Suppose 5*i = 4*l + 607 - 150, 5*i = 5*l + 455. List the prime factors of i.
3, 31
Suppose 0 = 5*k - 3*k - 66. What are the prime factors of k?
3, 11
Let s = -118 + 217. List the prime factors of s.
3, 11
Let c = 10 - 2. Let d = 13 - c. Suppose -3*p - d*n = -30, 4*p - n = p + 12. List the prime factors of p.
5
Let u = -39 - -59. Suppose -8 - u = -4*x. What are the prime factors of x?
7
Let k be (-7 + 3)*(0 - 1). Suppose -4 = -k*t + 4. What are the prime factors of t?
2
Suppose -7 = 3*n - 0*o - 5*o, -3*n = 2*o + 14. Let v = 15 + -10. Let y = v - n. What are the prime factors of y?
3
Let m be 38/(-9) - (-4)/18. Let p = m + -3. What are the prime factors of (-110)/(-7) + (-2)/p?
2
Let x(c) = -6*c**2 - 15*c - 29. Let f(n) = -2*n**2 - 5*n - 10. Let k(v) = 17*f(v) - 6*x(v). List the prime factors of k(-5).
29
Let r(g) = -g**2 - 11*g - 11. List the prime factors of r(-6).
19
Suppose -20 = -6*k + k. Suppose w + k = -4*n - 3, -5*w = -3*n - 34. Suppose 0 = 3*a + 10 + w, f + 5*a = -22. What are the prime factors of f?
3
Let i be 2*-2 + 1 + -1. Let u = -6 + 8. List the prime factors of (3/((-3)/i))/u.
2
Suppose 0 = 2*y + 4 - 8. Let o = 3 + y. What are the prime factors of o?
5
Let o be (-133)/(-21) + 4/6. Suppose -i + o = -13. What are the prime factors of i?
2, 5
Suppose 0*o - o = -5*i - 124, 3*o - 315 = -4*i. What are the prime factors of o?
109
Suppose -2*s + 64 = n, 2*n = s + 2*s + 114. What are the 